, 5273
What are the prime factors of 86765615?
5, 43, 347, 1163
List the prime factors of 79070915.
5, 7, 11, 59
List the prime factors of 23981340.
2, 3, 5, 399689
What are the prime factors of 33411096?
2, 3, 154681
What are the prime factors of 253948052?
2, 4133, 15361
List the prime factors of 386946484.
2, 307, 315103
What are the prime factors of 124529989?
124529989
What are the prime factors of 813185968?
2, 7, 67, 113, 137
List the prime factors of 79563530.
2, 5, 29, 274357
List the prime factors of 184219913.
257, 716809
List the prime factors of 7318899.
3, 7, 23, 5051
List the prime factors of 5972512704.
2, 3, 31106837
What are the prime factors of 250250629?
101, 2477729
What are the prime factors of 5523931036?
2, 13, 181, 586903
List the prime factors of 18244165.
5, 3648833
What are the prime factors of 42336876?
2, 3, 197, 17909
What are the prime factors of 7077172?
2, 1769293
What are the prime factors of 14578497?
3, 821, 1973
What are the prime factors of 88212439?
7, 17, 89, 8329
List the prime factors of 444015134.
2, 222007567
List the prime factors of 109587472.
2, 1229, 5573
List the prime factors of 837813.
3, 193, 1447
What are the prime factors of 99762795?
3, 5, 11, 43, 109
What are the prime factors of 1338845658?
2, 3, 223140943
What are the prime factors of 410164168?
2, 17, 29, 103997
List the prime factors of 89602309.
19, 4715911
What are the prime factors of 1562630036?
2, 11, 97, 366127
What are the prime factors of 371493027?
3, 17, 47609
What are the prime factors of 1196909172?
2, 3, 67, 496231
What are the prime factors of 698993820?
2, 3, 5, 7, 26417
What are the prime factors of 40651628?
2, 103, 98669
List the prime factors of 1354092570.
2, 3, 5, 19, 23, 34429
What are the prime factors of 16925230?
2, 5, 7, 43, 5623
What are the prime factors of 539545769?
7, 4451, 17317
What are the prime factors of 113273575?
5, 4530943
What are the prime factors of 25560807?
3, 8520269
What are the prime factors of 67107510?
2, 3, 5, 97, 7687
What are the prime factors of 6141970047?
3, 193, 941, 11273
List the prime factors of 985492618.
2, 11, 17, 2635007
What are the prime factors of 361148067?
3, 7, 19, 301711
List the prime factors of 522481732.
2, 73, 1279, 1399
What are the prime factors of 9634154?
2, 47, 113, 907
List the prime factors of 2830364838.
2, 3, 7, 151, 148763
What are the prime factors of 68634171?
3, 347, 21977
What are the prime factors of 1478651939?
107, 13819177
List the prime factors of 73948786.
2, 36974393
List the prime factors of 51384384.
2, 3, 89209
What are the prime factors of 48310689?
3, 7, 47, 48947
What are the prime factors of 857889322?
2, 428944661
What are the prime factors of 37892621?
13, 73, 39929
List the prime factors of 247893509.
247893509
List the prime factors of 209330822.
2, 401, 261011
What are the prime factors of 569610979?
7, 81372997
What are the prime factors of 461255091?
3, 11, 13977427
What are the prime factors of 44473069?
41, 607, 1787
What are the prime factors of 106324850?
2, 5, 613, 3469
What are the prime factors of 86035562?
2, 313, 137437
List the prime factors of 5099369027.
5099369027
List the prime factors of 3755471078.
2, 643, 2920273
What are the prime factors of 189031288?
2, 109, 216779
List the prime factors of 3475330207.
24767, 140321
List the prime factors of 169272817.
7, 37, 653563
What are the prime factors of 408845835?
3, 5, 17, 534439
What are the prime factors of 1161022152?
2, 3, 23, 2103301
What are the prime factors of 5192882?
2, 2596441
List the prime factors of 2887124753.
2887124753
List the prime factors of 3417565231.
4523, 755597
List the prime factors of 3313412175.
3, 5, 44178829
List the prime factors of 1091722994.
2, 251, 263, 8269
What are the prime factors of 81409577?
149, 546373
What are the prime factors of 14816066?
2, 173, 42821
List the prime factors of 659016262.
2, 79, 4170989
List the prime factors of 160977249.
3, 601, 29761
List the prime factors of 6149339.
7, 47, 18691
List the prime factors of 22189004.
2, 5547251
What are the prime factors of 368851997?
19, 19413263
List the prime factors of 3057958676.
2, 131, 461, 12659
What are the prime factors of 79063040?
2, 5, 7, 1103
What are the prime factors of 62286873?
3, 11, 37, 139, 367
What are the prime factors of 451631918?
2, 14419, 15661
What are the prime factors of 187099989?
3, 6481, 9623
What are the prime factors of 488208388?
2, 29, 439, 9587
List the prime factors of 7721612.
2, 41, 197, 239
List the prime factors of 138885193.
19, 7309747
What are the prime factors of 7601187?
3, 11, 230339
What are the prime factors of 1141592039?
7, 4363, 37379
What are the prime factors of 107671536?
2, 3, 7, 223, 479
List the prime factors of 1450906260.
2, 3, 5, 1721, 14051
List the prime factors of 825277758.
2, 3, 43, 3198751
List the prime factors of 56247132.
2, 3, 233, 20117
List the prime factors of 64500715.
5, 487, 26489
List the prime factors of 39565559.
11, 3596869
List the prime factors of 223085775.
3, 5, 11, 270407
What are the prime factors of 495643745?
5, 99128749
What are the prime factors of 998918801?
998918801
List the prime factors of 8622824985.
3, 5, 7523, 25471
List the prime factors of 6495681886.
2, 19, 509, 335833
What are the prime factors of 73509097?
241, 305017
What are the prime factors of 1700865658?
2, 283, 3005063
What are the prime factors of 267622562?
2, 19, 2161, 3259
What are the prime factors of 65813986?
2, 7, 19, 247421
List the prime factors of 2398007109.
3, 799335703
What are the prime factors of 13614299?
13614299
What are the prime factors of 4071948775?
5, 233, 349, 2003
List the prime factors of 1012980770.
2, 5, 107, 863, 1097
List the prime factors of 42832064.
2, 11, 5531
What are the prime factors of 101675508?
2, 3, 11, 29, 26561
What are the prime factors of 2336024241?
3, 41, 103, 61463
List the prime factors of 466762088.
2, 13, 283, 15859
List the prime factors of 11785002.
2, 3, 179, 10973
What are the prime factors of 7798673?
7798673
What are the prime factors of 1399331548?
2, 29, 12063203
What are the prime factors of 103723342?
2, 51861671
What are the prime factors of 1944916551?
3, 19, 11373781
List the prime factors of 472436042.
2, 13, 29, 131, 4783
What are the prime factors of 62387200?
2, 5, 2437
List the prime factors of 912408951.
3, 304136317
What are the prime factors of 1441250609?
439, 3283031
List the prime factors of 2050865889.
3, 997, 685679
List the prime factors of 84767642.
2, 42383821
What are the prime factors of 273153772?
2, 31, 2202853
What are the prime factors of 2602868?
2, 383, 1699
List the prime factors of 297178763.
7, 61, 307, 2267
What are the prime factors of 144453810?
2, 3, 5, 4815127
List the prime factors of 801392987.
127, 6310181
List the prime factors of 67617130.
2, 5, 7, 37, 26107
List the prime factors of 5312056908.
2, 3, 23, 167, 115249
What are the prime factors of 22377233?
22377233
What are the prime factors of 62275278?
2, 3, 13, 73, 10937
What are the prime factors of 3663954?
2, 3, 7, 359
What are the prime factors of 248234851?
4253, 58367
List the prime factors of 1247099812.
2, 7, 733, 60763
List the prime factors of 24355442.
2, 193, 63097
List the prime factors of 1407388544.
2, 131, 83933
List the prime factors of 17357815.
5, 3471563
What are the prime factors of 76566452?
2, 1301, 14713
What are the prime factors of 6895012?
2, 283, 6091
What are the prime factors of 9808261?
157, 62473
What are the prime factors of 109009000?
2, 5, 67, 1627
What are the prime factors of 1019517637?
19, 2711, 19793
List the prime factors of 48417827.
48417827
What are the prime factors of 8222578?
2, 7, 13, 45179
List the prime factors of 100103029.
13, 7700233
List the prime factors of 103542517.
13, 241, 33049
What are the prime factors of 281864047?
281864047
List the prime factors of 533653049.
223, 2393063
What are the prime factors of 235707358?
2, 23, 751, 6823
What are the prime factors of 762559351?
5563, 137077
What are the prime factors of 6050444170?
2, 5, 19, 23, 487, 2843
List the prime factors of 1769768222.
2, 884884111
What are the prime factors of 34179895?
5, 6835979
List the prime factors of 55422957.
3, 3